{"id":84,"date":"2015-12-20T10:58:36","date_gmt":"2015-12-20T10:58:36","guid":{"rendered":"http:\/\/thebootstrapthemes.com\/demo\/thebootstrapthemes_darkpress\/?page_id=12"},"modified":"2023-09-01T09:42:03","modified_gmt":"2023-09-01T09:42:03","slug":"home","status":"publish","type":"page","link":"http:\/\/187.189.192.40:8994\/aaconsulta\/","title":{"rendered":"Inicio"},"content":{"rendered":"\n<p class=\"has-black-color has-text-color\">\u00a1Tu Identidad, Tu Poder, Tu Elecci\u00f3n<\/p>\n\n\n\n<p class=\"has-black-color has-text-color\">Participa en la consulta previa libre e informada y de buena fe para personas con Discapacidad, de la Diversidad Sexual, Ind\u00edgenas y Migrantes.<\/p>\n\n\n\n<p class=\"has-black-color has-text-color\">Queremos escucharte y conocer t\u00fa opini\u00f3n sobre como consideras que se deba acreditar la autoadscripci\u00f3n, pertenencia o vinculaci\u00f3n como personas que integran estos sectores para la postulaci\u00f3n de candidaturas en el Proceso Electoral Local 2023-2024.<\/p>\n\n\n\n<p><\/p>\n","protected":false},"excerpt":{"rendered":"<p>\u00a1Tu Identidad, Tu Poder, Tu Elecci\u00f3n Participa en la consulta previa libre e informada y de buena fe para personas con Discapacidad, de la Diversidad Sexual, Ind\u00edgenas y Migrantes. Queremos escucharte y conocer t\u00fa opini\u00f3n sobre como consideras que se deba acreditar la autoadscripci\u00f3n, pertenencia o vinculaci\u00f3n como personas que integran estos sectores para la [&hellip;]<\/p>\n","protected":false},"author":1,"featured_media":0,"parent":0,"menu_order":0,"comment_status":"closed","ping_status":"closed","template":"template-home.php","meta":{"footnotes":""},"_links":{"self":[{"href":"http:\/\/187.189.192.40:8994\/aaconsulta\/wp-json\/wp\/v2\/pages\/84"}],"collection":[{"href":"http:\/\/187.189.192.40:8994\/aaconsulta\/wp-json\/wp\/v2\/pages"}],"about":[{"href":"http:\/\/187.189.192.40:8994\/aaconsulta\/wp-json\/wp\/v2\/types\/page"}],"author":[{"embeddable":true,"href":"http:\/\/187.189.192.40:8994\/aaconsulta\/wp-json\/wp\/v2\/users\/1"}],"replies":[{"embeddable":true,"href":"http:\/\/187.189.192.40:8994\/aaconsulta\/wp-json\/wp\/v2\/comments?post=84"}],"version-history":[{"count":7,"href":"http:\/\/187.189.192.40:8994\/aaconsulta\/wp-json\/wp\/v2\/pages\/84\/revisions"}],"predecessor-version":[{"id":173,"href":"http:\/\/187.189.192.40:8994\/aaconsulta\/wp-json\/wp\/v2\/pages\/84\/revisions\/173"}],"wp:attachment":[{"href":"http:\/\/187.189.192.40:8994\/aaconsulta\/wp-json\/wp\/v2\/media?parent=84"}],"curies":[{"name":"wp","href":"https:\/\/api.w.org\/{rel}","templated":true}]}}